 5) to base 14.
-349a75
Convert 333333 (base 5) to base 16.
2dc6
-25101453 (base 9) to base 7
-206256231
What is -9381 (base 10) in base 6?
-111233
Convert 12062562 (base 8) to base 16.
286572
8c94bb (base 13) to base 2
1100101101111000101111
What is 761722 (base 9) in base 3?
212001210202
Convert a314 (base 12) to base 2.
100010101000000
What is -1678013 (base 12) in base 3?
-22201122002120
What is 1020022313 (base 4) in base 13?
a4720
Convert 3135547 (base 10) to base 3.
12220022011101
-948298 (base 10) to base 7
-11026501
53908 (base 15) to base 10
265283
31131202003 (base 4) to base 6
203345111
9cc27 (base 13) to base 5
33113344
Convert -5027b (base 15) to base 9.
-425888
-3200 (base 9) to base 8
-4455
What is 1ec87 (base 15) in base 11?
69728
What is -21344452 (base 6) in base 10?
-636080
-100010110111011111001 (base 2) to base 12
-471221
Convert 222102021012 (base 3) to base 14.
d76cb
-2cf2e (base 16) to base 2
-101100111100101110
211110212012 (base 3) to base 14
b7320
7aa74 (base 11) to base 10
117088
Convert -39801 (base 12) to base 10.
-78913
What is 797674 (base 10) in base 2?
11000010101111101010
What is -1105441451 (base 6) in base 11?
-68752a3
-4181352 (base 9) to base 15
-2e3315
-34be13 (base 15) to base 6
-130010530
Convert -34051 (base 12) to base 9.
-114807
464875 (base 10) to base 2
1110001011111101011
-100010000011001010010010 (base 2) to base 8
-42031222
Convert 3a9222 (base 12) to base 4.
3230233322
-23311221 (base 4) to base 11
-33481
What is 2200220012 (base 4) in base 5?
132023201
Convert -102348 (base 9) to base 12.
-2b222
113211320222 (base 4) to base 15
822695
Convert 50760 (base 13) to base 6.
3030550
332720 (base 10) to base 8
1211660
-3733663 (base 8) to base 3
-1221022222122
47e6b5 (base 15) to base 4
31020000011
-1102322223 (base 4) to base 9
-566783
Convert 466199 (base 11) to base 16.
b4ba9
What is -3dd69 (base 14) in base 5?
-14403221
-11011111110111110 (base 2) to base 8
-337676
What is 198934 (base 11) in base 8?
1122722
Convert 11002121 (base 4) to base 5.
1130013
-25039a (base 12) to base 2
-10010010111100100110
What is -161a330 (base 12) in base 9?
-8444710
Convert -3401771 (base 8) to base 6.
-31404225
-12222020000 (base 4) to base 13
-4915b2
Convert -1a541a (base 14) to base 7.
-10650233
-7e5df9 (base 16) to base 4
-133211313321
What is 46304 (base 12) in base 4?
112320310
-81595 (base 11) to base 7
-1004300
Convert 1305536 (base 8) to base 15.
729dd
Convert -46b9a (base 15) to base 7.
-1626025
-1a0e7 (base 15) to base 7
-501424
What is -101110100101000000 (base 2) in base 13?
-68ab9
What is -10101111111100011 (base 2) in base 16?
-15fe3
Convert 381dbc (base 14) to base 5.
443120013
136185 (base 9) to base 15
19a0e
-304057 (base 8) to base 11
-69482
Convert 586a4 (base 12) to base 13.
41c1a
What is 214962 (base 14) in base 10?
1126890
302721 (base 11) to base 13
1406a4
What is 62120 (base 9) in base 15?
c1d3
Convert 45465500 (base 8) to base 10.
9857856
Convert -7471572 (base 9) to base 10.
-4003409
Convert -21750c (base 14) to base 12.
-4684a0
What is -249a0 (base 11) in base 15?
-a920
What is 2604824 (base 9) in base 7?
15035110
1000001101010011110010 (base 2) to base 4
20031103302
What is 1476813 (base 10) in base 12?
5b2779
Convert -31aa79 (base 14) to base 12.
-691043
Convert -1568306 (base 9) to base 13.
-246c72
What is 101010111100 (base 2) in base 3?
10202210
101121202012210 (base 3) to base 14
a6cc42
What is 126357 (base 12) in base 10?
301171
What is -14040221 (base 7) in base 16?
-13e530
Convert -110202231022 (base 4) to base 16.
-522b4a
Convert 660274 (base 8) to base 14.
5a964
-100110111101111100010001 (base 2) to base 10
-10215185
Convert -61a566 (base 14) to base 3.
-20012100100012
Convert -7273b9 (base 13) to base 5.
-1141002321
Convert 1012201221201 (base 3) to base 13.
197404
Convert -321240344 (base 6) to base 3.
-101122212122001
Convert 14201124 (base 5) to base 12.
71113
-258184 (base 12) to base 15
-c2527
Convert -22155a7 (base 11) to base 13.
-a61458
-42401110 (base 5) to base 11
-223855
Convert -2b9a2 (base 15) to base 5.
-13444202
What is -1251143 (base 6) in base 4?
-100311213
What is 17266 (base 11) in base 16?
5ed0
What is -13322202123 (base 5) in base 7?
-264264122
Convert -19c777 (base 14) to base 12.
-383299
Convert -a48ce (base 15) to base 4.
-1333120100
-12120101212022 (base 3) to base 2
-1011010010101111110001
220222120 (base 3) to base 12
a659
What is 5b4486 (base 13) in base 16?
214472
-34599 (base 10) to base 12
-18033
Convert -120160 (base 12) to base 5.
-33244040
565031 (base 8) to base 3
100201000010
Convert 990d (base 14) to base 10.
26473
1c2031b (base 13) to base 12
31650b6
Convert 11110011011010010111 (base 2) to base 12.
400b87
-111222101210 (base 3) to base 7
-2224053
1101020220212200 (base 3) to base 2
1001011100001110111111110
Convert -4232416 (base 7) to base 6.
-14551444
Convert 1334502 (base 6) to base 13.
2813c
What is -21415433 (base 6) in base 10?
-640173
Convert -13570363 (base 8) to base 14.
-5a1187
What is -49024 (base 14) in base 13?
-63276
What is -32243 (base 12) in base 5?
-4103003
What is 1b65aa7 (base 12) in base 2?
10110010110000111011111
What is -8877382 (base 10) in base 6?
-514134554
1241224 (base 6) to base 10
67696
Convert -45130352 (base 6) to base 4.
-11031031130
111653 (base 9) to base 2
10000010100111001
What is 214455 (base 13) in base 5?
144440211
ea6ae (base 15) to base 6
23540302
What is a768 (base 14) in base 12?
14888
Convert -1bb42b (base 12) to base 6.
-14350455
-10000112201 (base 5) to base 14
-1424540
Convert 1b672 (base 12) to base 11.
28635
What is 96577 (base 10) in base 3?
11220110221
1631817 (base 9) to base 3
1201001220121
Convert 1616867 (base 10) to base 2.
110001010101111100011
-eb83 (base 15) to base 6
-1022440
What is -100021333133 (base 4) in base 2?
-10000001001111111011111
2345120 (base 6) to base 9
206583
What is 7355 (base 11) in base 16?
260c
Convert -2242444 (base 7) to base 3.
-112012022021
-54505 (base 13) to base 9
-252101
2231244100 (base 5) to base 13
10427b2
Convert 7b742 (base 16) to base 6.
14501014
What is 320770 (base 9) in base 3?
100200212100
What is 10110110001110011 (base 2) in base 14?
26003
-1717d87 (base 14) to base 3
-210100212120120
1404333 (base 6) to base 14
209b3
What is -13100033 (base 4) in base 12?
-1523b
What is -300120 (base 7) in base 9?
-76223
What is -3965b4 (base 14) in base 16?
-1e29f2
Convert -47272 (base 9) to base 14.
-b714
Convert -244320 (base 5) to base 10.
-9335
What is 12210222100 (base 3) in base 16?
1bf03
Convert 20212201020 (base 3) to base 2.
100001000011011000
What is -526323 (base 12) in base 13?
-365148
100010111010001111 (base 2) to base 3
21021010222
Convert 130100301 (base 4) to base 12.
56ba9
Convert 233818 (base 13) to base 9.
1514077
Convert dee46 (base 16) to base 2.
11011110111001000110
What is 4441c6 (base 13) in base 8?
6105527
Convert 330962 (base 10) to base 8.
1206322
Convert -12bb68 (base 14) to base 15.
-cbae3
Convert -22205 (base 15) to base 16.
-1a7a7
1412a1b (base 14) to base 16
946b01
Convert 53609 (base 12) to base 11.
754a1
What is 121240 (base 6) in base 3?
112122120
Convert -143536244 (base 7) to base 12.
-3224942
Convert -11011011000011010 (base 2) to base 15.
-2336e
Convert 3102630 (base 8) to base 5.
202230012
What is -c62b7 (base 13) in base 2?
-1010111000000110010
-3197374 (base 10) to base 3
-20000102222021
What is 254007 (base 8) in base 10?
88071
What is -4b18 (base 15) in base 10?
-15998
What is 214311 (base 8) in base 7?
416365
4422051 (base 6) to base 4
311321233
-99822 (base 15) to base 8
-1670630
Convert -155476 (base 9) to base 16.
-17694
-1021100020010 (base 3) to base 4
-2211001230
What is 131332002 (base 4) in base 10?
122754
Convert -1660687 (base 9) to base 8.
-3417742
What is -1234114 (base 5) in base 13?
-b090
-18354 (base 9) to base 15
-3b5a
What is 68160 (base 10) in base 6?
1243320
Convert -3133202 (base 4) to base 12.
-8342
What is 148960 (base 15) in base 16?
f1f0e
-11200012012 (base 3) to base 12
-452a2
What is 3bbdc9 (base 16) in base 7?
45164414
What is 168a637 (base 14) in base 11?
6296a37
727083 (base 11) to base 3
2012020111221
4353525 (base 7) to base 5
114044230
What is -1501e (base 15) in base 1